. Suppose -16 = -4*c, 3*m + 2*c - 713 = -s*m. What is the hundreds digit of m?
1
Suppose 9 - 9 = 10*o. Suppose o = -k + 3*k - 3*i - 6, 49 = 5*k + i. What is the tens digit of (0 + 57)/(((-54)/(-20))/k)?
9
Let a = 14401 - 4898. What is the tens digit of a?
0
Let f(r) = -26*r**2 + 5*r + 20. Let y(s) = -s**2. Let t(z) = -f(z) + 5*y(z). What is the hundreds digit of t(-3)?
1
Let l(m) = -56*m + 44. Let k(g) = 11*g - 9. Let s(w) = -11*k(w) - 2*l(w). Let f be s(-3). Let p = 56 - f. What is the tens digit of p?
1
What is the units digit of (-2)/3 + -31 + 1545090/90?
6
Let t(s) = 2*s**2 + 29*s - 5. Let i be t(-15). Suppose -4*v = -i*v + 2880. What is the tens digit of v?
8
Let t(j) = j - 44. Let g be t(28). What is the units digit of (-6)/g - 4995/(-120)?
2
Let p(b) = 25*b**3 + 3*b**2 + 4*b + 2. Let r be p(-1). Let q = 28 + r. Suppose -333 = t - q*t. What is the units digit of t?
1
What is the ten thousands digit of -107 + 115 + -5261*3*-2?
3
Let u(k) = 39*k - 119. Let l(i) = -2262*i + 6903. Let c(p) = 2*l(p) + 117*u(p). What is the hundreds digit of c(10)?
2
Let d = 19 + 146. What is the tens digit of 1/(11/(-2)) - (-37320)/d?
2
Let f(s) = -2*s**2 - 15*s - 31. Let u(t) = -14*t + 9*t**2 - 11*t**2 - 14 - 8 - 9. Let h(k) = 2*f(k) - 3*u(k). What is the tens digit of h(-9)?
8
Let h = -23 + 26. Let o be 441*h/(-2)*44/(-99). Suppose -5*k = -91 - o. What is the units digit of k?
7
Let n(d) = 2528*d**3 - 3*d**2 + 21*d + 3. What is the units digit of n(3)?
5
Let n(d) = 2*d**3 - 3*d**2 + 2*d + 1. Let f be (-80)/(-44) + 2/11. Let s be n(f). Let x = s + 31. What is the tens digit of x?
4
Let t(c) = 1637*c - 3060. What is the units digit of t(15)?
5
Let t = 189 + -210. Let j(m) = -36*m - 224. What is the tens digit of j(t)?
3
Let x = 9057 - 7298. What is the hundreds digit of x?
7
Let u = 47 - 41. Let h(n) = -2*n + 17. Let c be h(u). Suppose -2*v - 806 = -c*l - 5*v, -164 = -l - 2*v. What is the hundreds digit of l?
1
Let h be (-4)/(-18) - 119140/(-252). Let m = 1152 - h. What is the units digit of m?
9
Suppose -7*q + 8*q = 2*d + 172, -2*q + d + 350 = 0. Suppose 426 - q = p. What is the hundreds digit of p?
2
What is the thousands digit of 2194/(((-180)/(-70))/9) + 0?
7
Let c(s) = -1124*s**2 + s - 1. Let z be c(-1). Let h = -68 - z. What is the hundreds digit of h?
0
Let u(o) = 33*o**2 + 56*o. Let v be u(6). Let x = v - 667. What is the units digit of x?
7
Suppose 2*n - 65 = -11*n. Suppose -3*g - p + 2*p = -461, -20 = -n*p. What is the hundreds digit of g?
1
Let a = 9710 - 2456. What is the thousands digit of a?
7
Let u(f) = -23*f**2 + 6. Suppose 4 = -0*m + m - w, 4 = 2*m + 2*w. Let v(d) = -46*d**2 - d + 13. Let k(o) = m*v(o) - 7*u(o). What is the units digit of k(-1)?
3
Let j(m) be the first derivative of -21/2*m**2 + 41*m + 8 + 1/3*m**3. What is the units digit of j(19)?
3
Let m = 73 + -52. Suppose 6*t - m = 9*t. Let s(h) = -7*h - 27. What is the units digit of s(t)?
2
Let d(w) = 81 + 79 - 11*w**3 - 150. What is the units digit of d(-4)?
4
Let z be 1 + 0 - ((-7)/(-1) - 27). What is the units digit of 6*6 - (23 - z)?
4
Let s(q) = -20*q**2 - 6. Let t be s(-2). Let i = 725 + t. What is the units digit of i?
9
Let j(l) = 741*l + 2115. What is the thousands digit of j(8)?
8
Let u be (-2)/8 + (-51)/(-12). Let m(q) = -3*q + 10. Let z be m(u). What is the units digit of 1/z - (-102)/12?
8
Suppose 22*h = 5*p + 18*h - 9480, -5*h = -p + 1875. What is the tens digit of p?
0
Suppose -3*t - 4*a = -13568, 3*t - 22555 = -2*t + 5*a. What is the hundreds digit of t?
5
Let y = -198006 + 286502. What is the units digit of y?
6
Let p(w) = 2*w**2 - 18*w - 64. Let t be p(-3). What is the hundreds digit of 20932/20 + t - (-4)/10?
0
Suppose -3*n = 5*h + 7, 0 = -5*n - 3*h + 8 + 7. Let a(q) = 53*q + 49. What is the hundreds digit of a(n)?
3
Suppose 0 = -79*h + 82*h - 423. Let y = h - -275. What is the tens digit of y?
1
Suppose -3*a = s - 19032, -2165 = -5*a - 2*s + 29555. What is the tens digit of a?
4
Let k = 96 + -89. Suppose n + a - 1 - k = 0, -3*n = 4*a - 24. Suppose -t + 102 = 2*h + n, 0 = 3*t + 2*h - 298. What is the units digit of t?
2
Suppose 0 = -v + g + 54858, 2508*g - 2513*g = 4*v - 219459. What is the units digit of v?
1
Let z(m) = 15*m**2 + 7*m + 5. Let u be z(8). Let f = u + -693. What is the hundreds digit of f?
3
Let z = 88040 - 57404. What is the thousands digit of z?
0
Let a = 79 - -1723. What is the thousands digit of a?
1
Let n(z) = 4*z**2 + 6*z + 13. Let q(u) = -9*u**2 - 11*u - 25. Let f(x) = -7*n(x) - 3*q(x). Let g be f(-7). What is the tens digit of -1*(-1 - g) + 46 + -2?
4
Let s be (2 - (-15)/(-5)) + 3. Let q = 177 - 174. Suppose 3*r - 469 = -4*z, -572 = -q*z - s*z + r. What is the units digit of z?
5
Let y(r) be the first derivative of r**4/4 - r**3 + 5*r**2/2 - r - 1. Let f(u) = u**3 + u. Let x(v) = 2*f(v) - y(v). What is the units digit of x(-3)?
0
What is the ten thousands digit of 152998/(-4)*-1 - (-473)/(-946)?
3
Let x be 4/(-22) - 6784/(-44). Let w(q) = 91*q - 688. Let r be w(7). Let i = x + r. What is the units digit of i?
3
Suppose 262*v - 34*v = 726421 - 96457. What is the units digit of v?
3
What is the units digit of 569772/60 + (-9)/90*12?
5
Let o(c) = 892*c + 137. What is the thousands digit of o(5)?
4
What is the units digit of 0 + 2/(-7) + (-45360)/(-294)?
4
Let b = 18548 + 8442. What is the hundreds digit of b?
9
Let j(r) = 309*r**2 + 50 - 34*r - 294*r**2 - 20 + r**3. Let g be j(-17). What is the tens digit of (36/7)/(-4 + g/7)?
1
Suppose -t + 142 = 4*y, -t + 3*y + 134 = 5*y. Suppose 0*x = x + 2, -t = -2*c + 2*x. Let z = -3 + c. What is the units digit of z?
8
Suppose 26*t - 312*t + 1164020 = 0. What is the thousands digit of t?
4
Let s be 14 + 306/(-85) + (-3)/(-5). Suppose -5*o - s + 31 = 0. Suppose -o*a + 392 = -132. What is the tens digit of a?
3
Let s(m) = -4*m**3 + 5*m**2 + 8*m + 5. Let u(w) = w**3 + 10*w**2 - 10*w + 6. Let t be u(-11). What is the units digit of s(t)?
0
Suppose 5*k - 40194 = -4*z, 0 = 9*k - 8*k - 5*z - 8062. What is the units digit of k?
2
Suppose 5*x + 4*b - 5*b = -121, 3 = 3*b. What is the hundreds digit of (122/24)/((-3)/x)*18?
7
Suppose -5*f + 33 = -2*m, 0 = 3*f - 0*f + 5*m + 5. Suppose 4*s + 3*i - 3192 = -s, -2524 = -4*s + f*i. What is the units digit of s?
6
Let u be (102/85)/(((-3)/280)/1). What is the tens digit of -2 + u/(-52) + (-21007)/(-91)?
3
Suppose 0*r - 4*r = -4*k + 36, 4*k + 2*r = 6. Suppose -p = -24*o + 25*o - 154, 618 = k*o + 5*p. What is the units digit of o?
2
Let m be (1/((-9)/246))/((-2)/(-6)). Let u = 0 - m. Suppose r - 24 = 3*o + u, -o = -2*r + 207. What is the hundreds digit of r?
1
Suppose -s + 10533 = 5*i, -9*s + 4*s - 3*i + 52577 = 0. What is the tens digit of s?
1
Let v(t) be the third derivative of t**5/20 - 3*t**4/8 + 10*t**3 + t**2 - 17*t. What is the hundreds digit of v(14)?
5
Let n(z) = 4*z - 16 - 5*z**2 + z**3 + 11 - 2*z. Let v be n(5). Suppose 2*c - 171 = -v*b, 3*b + 2*c = -0*c + 101. What is the units digit of b?
5
Suppose 41*w - 854264 - 5541 - 95454 = 0. What is the units digit of w?
9
Let n(a) = -3344*a + 16. Let r be n(7). Let z be 0 - 9/21 - r/28. Suppose x = 2*c + 206, -6*x + z = -2*x + 3*c. What is the tens digit of x?
0
Let m(y) be the third derivative of 17*y**6/8 + y**4/24 - y**3/6 + 10*y**2. Let j be m(1). Suppose -z = -6*z + j. What is the units digit of z?
1
Let o(y) = y**3 + 4*y**2 - 21*y + 12. Let l be o(-7). What is the units digit of 212/l*36/1?
6
Let h be (-63)/28 + 3/12. What is the hundreds digit of (h/(-4)*-2)/((-22)/11770)?
5
Suppose -2*b + 3*w + 409 = 0, b + w - 218 = -2*w. Let f = 19953 + -19951. What is the tens digit of (-38)/b + (f - (-222)/11)?
2
Let k = -7216 + 23168. What is the ten thousands digit of k?
1
Suppose 0*a + 11*a = -3058. What is the tens digit of (23/23)/(0 - 2/a)?
3
Suppose 2*q = -0*q - 494. Let x = q + 632. Let w = -247 + x. What is the tens digit of w?
3
Let f = 440 + -444. Let n(x) = 102*x**2 + 3*x + 10. What is the tens digit of n(f)?
3
Let u(w) = -w + 427. Let d be u(-108). Suppose 5*p - 20 = 0, 3*c - 4*p = -97 + 435. Suppose 4*v = q + d, v = -4*q - q + c. What is the tens digit of v?
3
Let s(k) = 32*k**2 - 58*k + 87. What is the thousands digit of s(16)?
7
Suppose 2*j = 2*l - 0*l, l + 4 = 5*j. Suppose 0 = -28*p + 27*p + l. What is the